3*y + 135170 = 5*l, 148*y = 150*y + 4*l - 90116. What is the units digit of y?
0
Let i = 100 - 103. Let c(b) = -2*b**3 + 6*b**2 + 13*b + 5. What is the units digit of c(i)?
4
Let k = 138 - -54. Suppose r + 74 = -4*g, -5*g + k = -3*r - 2*g. Let s = -37 - r. What is the tens digit of s?
2
Let z(u) = 567*u - 33. Let d be z(10). Suppose -7*x + d = -1517. What is the units digit of x?
2
Suppose -40728 = -3*q + 62*f - 58*f, 0 = q - 2*f - 13572. What is the tens digit of q?
8
Suppose 3*d - 1426 = g - 354, -1068 = -3*d - 3*g. What is the hundreds digit of d?
3
Let c = -204 - 153. Let x be 2/12 + 39*(-1843)/342. Let s = x - c. What is the units digit of s?
7
Suppose 0 = -3*z + 2 + 10, 3*v + z = 7. Let k(i) = 631*i**2 + 3*i - 2. What is the units digit of k(v)?
2
Suppose 11*j - 89*j + 711360 = 0. What is the hundreds digit of j?
1
Suppose 0 = -6*a - 1224 - 702. Let k = 1090 - a. What is the thousands digit of k?
1
What is the units digit of (13042/(-10))/(205/(-7175))?
7
Suppose -2*j + j = -4, 5*i = -3*j - 38. What is the tens digit of (-64519)/(-130) - (-3)/i?
9
What is the tens digit of ((-8937)/(-4))/((-897)/104 + 9)?
5
Let i be (2/8)/(2/712). Suppose -g + 14 = 5*o - 77, 0 = g + 4*o - i. What is the units digit of g?
1
Let t(s) = -22*s - 19. Let x be t(-1). Suppose 4*p + 95 = 5*y - 203, -y = -x*p - 64. What is the units digit of y?
8
Let t be ((-112)/(-10))/((92/840)/23). Suppose 0 = 4*u - h - t + 24, -2*u + 1178 = 3*h. What is the units digit of u?
3
Let c = 26791 + -16791. What is the thousands digit of c?
0
Let j be (-7500)/48 - (-3)/(-24)*-2. Let w = 219 + j. What is the tens digit of w?
6
Let b(c) be the second derivative of 719*c**5/20 + c**4/6 + c**3/3 - 3*c**2/2 - 20*c - 1. What is the hundreds digit of b(1)?
7
Let l(g) = -120*g + 14. Let b(z) = 602*z - 70. Let o(u) = -2*b(u) - 11*l(u). What is the tens digit of o(3)?
3
Let a(l) = -258*l - 15. Let p be a(-21). Suppose p = 5*g - 0*h + 3*h, 2162 = 2*g + 2*h. What is the tens digit of (-3)/7 - g/(-21)?
5
Let x = 33859 + 497. What is the units digit of x?
6
Suppose -1378 = -5*k + 127. Suppose 4*y + k = c, 3*c + 14*y - 17*y = 903. What is the tens digit of c?
0
Let p(i) = -27*i**3 + i**2 - 6*i - 10. Let a be p(4). Let g = -935 - a. What is the hundreds digit of g?
8
What is the units digit of (4/(-30) + (-104)/120)*-20914?
4
Let o(h) = 4*h + 38. Let g be o(-12). Let b be -1*(g + (0 - 12/(-3))). Suppose 0 = s - 14 + b. What is the units digit of s?
8
Suppose 5*b + 4*u = -10, 3*b + 3*u + 2*u + 19 = 0. Suppose 14 = 2*l - 5*f - 37, -3*l = b*f - 105. What is the units digit of l?
3
Let l(z) = 2*z**3 - 11*z**2 - 5*z + 4. Let n be l(6). Let q(k) = 5*k + 67. What is the tens digit of q(n)?
1
Let q(v) be the first derivative of 31*v**2 + 21*v + 7. What is the hundreds digit of q(3)?
2
Let p be (4 - (-11)/(-3)) + (-7520)/(-12). Let j = p - 244. What is the hundreds digit of j?
3
Let y(v) = 3*v**2 + 16*v - 71. Let n be ((-224)/72)/7*-18. What is the tens digit of y(n)?
4
Let a = 90 + 1739. Let r = a - -109. What is the hundreds digit of r?
9
Let w = 7583 - 6942. What is the units digit of w?
1
Let b = -66 - -70. Suppose -5*f - 102 = -b*f. Let w = -30 - f. What is the units digit of w?
2
Suppose 0*o - 5*f = -4*o - 57, 0 = -4*o - 4*f - 12. Let w = -2 - o. Suppose -74 - w = -10*c. What is the units digit of c?
8
What is the thousands digit of 7/(77891/(-156170) - 2/(-4))?
5
Suppose 13*x - 160 = 14*x. Let k = -40 - x. What is the hundreds digit of k?
1
Let d = 15169 + 195. Suppose p - 5900 = 5*q - d, -3*q = -p - 5680. What is the units digit of q?
2
Let i = 61 - 25. Let g = -31 + i. Suppose -10*u + 190 = -g*u. What is the tens digit of u?
3
Let i = -200 - -101. Let m = -94 - i. Suppose 4*c - d = 377, -c + 76 + 4 = -m*d. What is the tens digit of c?
9
Let y(p) = 30*p**2 + 3*p - 1. Let t(c) = 30*c**2 + 3*c - 1. Let w be 135/20 + (-4)/(-16). Let q(s) = w*y(s) - 6*t(s). What is the tens digit of q(1)?
3
Let u(g) = 255*g**2 + 22*g - 248. What is the units digit of u(12)?
6
Let l = 35198 - 13920. What is the hundreds digit of l?
2
Suppose -3*a - 12 = -a. Let l be 395/35 + 1 - (-4)/(-14). What is the units digit of l/(-7)*21/a?
6
Let q(t) = 2*t + 55. Let d be q(-19). Suppose -42 = -5*p - d, 5*p = 2*m + 471. Let y = 376 + m. What is the units digit of y?
3
Let m(d) = -2*d**3 - 9*d**2 - 6*d - 11. Let i be m(-6). Let r = i + -48. What is the tens digit of r?
8
Suppose 0 = 6*o - 9*o + 378. Suppose 3*g = 5*g - o. Suppose h - 111 = 4*v, 0 = h - v - g - 54. What is the tens digit of h?
1
What is the units digit of 2 + 1947176/242 + (-4)/22?
8
Let u = -17511 + 28331. What is the ten thousands digit of u?
1
Let o = 6 - 5. Suppose 3*g + 5*q = 108, -4*g + 144 = -0*g - q. What is the units digit of (0 + o + 1)*g/1?
2
Let d = 38362 - 25574. What is the units digit of d?
8
Let g(h) = -h**3 - 7*h**2 - 2*h + 1. Let d be g(-7). Suppose 7*a - 2*a = -d. Let u(o) = -2*o**3 - o**2 + 2*o. What is the units digit of u(a)?
9
Let t = -70 + 79. Suppose 318 = t*i + 39. Let h = 63 + i. What is the units digit of h?
4
Let z(f) = -283*f - 95. Suppose 27*c = -c - 84. What is the tens digit of z(c)?
5
Let p(f) = 2*f**3 + 8*f**2 + 72*f + 325. What is the tens digit of p(12)?
9
Let o(y) = -y + 4. Let k be o(5). Let q = -6 + k. What is the units digit of -8 - -4 - q*3?
7
Suppose -50 = -4*p - 4*u - 138, -3*p = -5*u + 34. Let v(q) = 9*q - 41. Let k be v(17). Let c = k - p. What is the units digit of c?
0
Let v(w) = 124*w**2 + 14*w + 29. Suppose -9*n + 2*r = -5*n + 10, 4*r - 8 = 4*n. What is the thousands digit of v(n)?
1
Suppose 0 = 32*w - 18*w + 924. What is the units digit of 154/w - 15184/(-12)?
3
Suppose -53 = 3*w - 194. Let r = w - 38. What is the tens digit of 3*78/r*(-1)/(-2)?
1
Suppose -5155 = 6*i - 19219. Suppose -1148 = -18*u + 16*u + 5*k, 4*u = -2*k + i. What is the hundreds digit of u?
5
Let r(p) = p**3 - 9*p**2 + 18*p. Let g be r(7). Suppose g = 55*o - 48*o. What is the units digit of o?
4
Let y(j) = 14*j**2 - 53*j + 401. What is the hundreds digit of y(32)?
0
Suppose -1 = -k + 4. Suppose 2*v = v + 4*o - 34, -k*o = -4*v - 147. Let g = 67 + v. What is the units digit of g?
9
Let x(q) = q**2 - 11*q + 119. Suppose 3*n = -t + 89, 0 = -5*n - 5*t + 207 - 72. What is the units digit of x(n)?
9
Suppose -283244 + 659296 = 73*f - 478194. What is the tens digit of f?
0
What is the units digit of 59830/2 - (-121 - -140)?
6
Let k(w) = 10*w**2 + 23*w + 63. Suppose 0 = 4*r + i + 11, 0 = -4*r + 3*i + 9 - 40. What is the tens digit of k(r)?
3
Let f(z) = 12*z - 5. Let r(g) = 9*g + 4. Let a be r(4). Let t = a + -33. What is the tens digit of f(t)?
7
Let b(w) = 24*w + 171. Let u be b(-7). What is the tens digit of 2/14*u - 409059/(-441)?
2
Let g = -119 + 389. Suppose -1190 = -5*o + g. What is the tens digit of o?
9
Let u be (-1)/(-7) + 16/((-112)/(-141525)). Suppose -u + 6058 = -20*b. What is the hundreds digit of b?
7
Let b = 58 + -57. What is the hundreds digit of 292 - (b + 4) - -4?
2
Suppose 5*j + 282 = 3*a, -2*a - 2*j + 282 = a. Let k = 55 + a. Suppose -6*n + 511 = -k. What is the units digit of n?
0
Let b = -40 - -9. Let l be (-58 + 1)*(-38)/(-57). Let z = b - l. What is the units digit of z?
7
Suppose -5*x + 4*x + 4*p + 13378 = 0, -13386 = -x - 4*p. What is the thousands digit of x?
3
What is the hundreds digit of (-209754)/(-63) - (-2 - 10/(-7))?
3
Suppose -20 = -5*w, 7*f - 5*w + 2 = 6*f. Suppose -m + f*h = 13*h - 793, m = -2*h + 800. What is the units digit of m?
8
Let g = -663 - -745. Suppose -79*s = -g*s + 3531. What is the hundreds digit of s?
1
Let r = 28029 - 26244. What is the hundreds digit of r?
7
Let a(h) = -48*h - 54. Suppose -16 = 4*g + 4*p, 4*g - 5*p + 44 - 10 = 0. What is the hundreds digit of a(g)?
2
Suppose -5*q = -2*m - 27, -4*m + 0*q = -3*q + 33. Let a be (m + (7 - 3))/(-1). What is the tens digit of 1*59/(-1 + a)?
5
Suppose 101*b + 16*b - 7835666 + 1490054 = 0. What is the hundreds digit of b?
2
Suppose -4*x - 247 = -f - 19, 5*f = 5*x + 1185. What is the tens digit of f?
4
Let y = 12893 + -8188. What is the units digit of y?
5
Suppose -4*x - 5*r + 936 = -3*r, -5*x + 1170 = 4*r. Let o = -89 + x. Suppose -8*l - 9 = -o. What is the tens digit of l?
1
Let n be (9/(-4))/9*0. Suppose -279 = 5*v - 3*z - 1260, 3*z + 6 = n. What is the hun